{"id":708,"date":"2011-01-18T22:30:55","date_gmt":"2011-01-18T22:30:55","guid":{"rendered":"http:\/\/kivalodolgozo.hu\/thiliell\/"},"modified":"2023-04-17T19:07:54","modified_gmt":"2023-04-17T19:07:54","slug":"integrativ-felnott-meseterapia","status":"publish","type":"page","link":"https:\/\/csabiorsolya.hu\/?page_id=708","title":{"rendered":"Meseversum\u00ae Integrat\u00edv Meseter\u00e1pia feln\u0151tteknek"},"content":{"rendered":"<p>A <em>n\u00e9pmes\u00e9k<\/em> olyanok a<em> pszich\u00e9\/szellem sz\u00e1m\u00e1ra<\/em>, mint utaz\u00f3nak a <em>t\u00e9rk\u00e9p<\/em>.<\/p>\n<p style=\"text-align: justify;\">Amikor \u00fatra kel\u00fcnk a Mes\u00e9k Vil\u00e1g\u00e1ban, r\u00e1d\u00f6bbenhet\u00fcnk, hogy ez az utaz\u00e1s id\u0151n \u00e9s t\u00e9ren \u00e1t, az ID\u0150TLENS\u00c9G dimenzi\u00f3j\u00e1ba kalauzol el benn\u00fcnket, hogy a l\u00e9tez\u00e9s legf\u0151bb k\u00e9rd\u00e9seire tal\u00e1ljuk meg a v\u00e1laszokat, amelyek m\u00e1r<!--more--> nem mindig \u00e9rthet\u0151ek egy gyermeki tudat sz\u00e1m\u00e1ra. A hagyom\u00e1ny a <em>feln\u0151tteknek<\/em> \u0151rizte meg <em>\u00fatikalauzk\u00e9nt <\/em>ezeket a t\u00f6rt\u00e9neteket.<\/p>\n<h3 style=\"text-align: center;\"><strong>A <em>Meseversum\u00ae<\/em> <em>Integrat\u00edv Meseter\u00e1pia<\/em><\/strong><\/h3>\n<p><strong>a mes\u00e9khez KAPCSOL\u00d3D\u00c1S TANUL\u00c1SI \u00daTJA<\/strong><\/p>\n<p>A tradicion\u00e1lis mes\u00e9k vil\u00e1ga egy t\u00e9rk\u00e9p, \u00e9s egy \u00fatmutat\u00f3 ahhoz, hogy az \u00e9let k\u00fcl\u00f6nb\u00f6z\u0151 neh\u00e9zs\u00e9geib\u0151l \u2013 legyenek azok b\u00e1rmilyen hat\u00e1ssal r\u00e1nk \u2013, megtal\u00e1ljuk a megold\u00e1sokat, kivezet\u0151 utakat, vagy tanuls\u00e1gokat. Bizonyos mes\u00e9k univerz\u00e1lis b\u00f6lcsess\u00e9get hordoznak, m\u00edg m\u00e1s t\u00f6rt\u00e9netek meghat\u00e1rozott kultur\u00e1lis \u00e9s szok\u00e1sokhoz kapcsol\u00f3d\u00f3 tud\u00e1ssal egy\u00fctt seg\u00edtenek. Vannak t\u00f6rt\u00e9netek, amelyek csak cselekv\u00e9ssorokkal, vagy speci\u00e1lis kapcsol\u00f3d\u00e1s-tan\u00edt\u00e1sokkal hatnak. A beavat\u00e1sok ezek tan\u00edt\u00e1s\u00e1val j\u00e1rtak egy\u00fctt. A mese, a mes\u00e9l\u00e9s egy k\u00f6z\u00f6ss\u00e9gi, kapcsolatot \u00e9p\u00edt\u0151 \u00e9s fenntart\u00f3 feln\u0151tt m\u0171faj. Ez\u00e9rt csoportos munk\u00e1ban gyorsabban \u00e9rkezik meg az \u00e1ltala k\u00f6zvet\u00edtett tud\u00e1s.<\/p>\n<p style=\"font-weight: 400;\">A tud\u00e1shoz, a fejl\u0151d\u00e9shez \u00e9s a gy\u00f3gyul\u00e1shoz sz\u00fcks\u00e9ges forr\u00e1saink benn\u00fcnk, \u00e9s k\u00f6r\u00fcl\u00f6tt\u00fcnk vannak. De van, hogy ezt elvesz\u00edtj\u00fck, elveszik t\u0151l\u00fcnk, vagy valami elrekeszti el\u0151l\u00fcnk \u0151ket. N\u00e9ha azt sem tudjuk, hol keress\u00fck, vagy hogyan induljunk neki. Sokszor cipelj\u00fck teherk\u00e9nt azt a meggy\u0151z\u0151d\u00e9st, hogy m\u00e1r t\u00fal k\u00e9s\u0151, vagy t\u00fal \u00f6regek, f\u00e1radtak vagyunk ehhez. A csoport neve \u00e9s t\u00e9m\u00e1i ezeknek a forr\u00e1soknak a felkutat\u00e1s\u00e1t c\u00e9lozz\u00e1k.<\/p>\n<p style=\"font-weight: 400;\">A kapcsolat, \u00e9s a kapcsol\u00f3d\u00e1si k\u00e9pess\u00e9g\u00fcnk gy\u00f3gy\u00edt. Ehhez adnak speci\u00e1lis m\u00f3dszert a mes\u00e9k, \u00e9s az azokkal val\u00f3 kapcsol\u00f3d\u00e1s mik\u00e9ntjei. Egym\u00e1ssal \u00e9s magunkkal kapcsol\u00f3dni k\u00fcl\u00f6n tanul\u00e1si folyamat, ami minden meseter\u00e1pi\u00e1s csoporton szint\u00e9n gyakorolhat\u00f3.<\/p>\n<p style=\"font-weight: 400;\">Ez az \u00fat most arr\u00f3l sz\u00f3l, hogy megtal\u00e1ljuk, hogyan \u00e9s milyen forr\u00e1sokkal tudunk v\u00e1ltoztatni.<\/p>\n<p><a href=\"http:\/\/csabiorsolya.eu\/wp-content\/uploads\/2012\/01\/iranytus_post_starter.png\"><img loading=\"lazy\" decoding=\"async\" class=\"alignleft wp-image-1316\" title=\"iranytus_post_starter\" src=\"http:\/\/csabiorsolya.eu\/wp-content\/uploads\/2012\/01\/iranytus_post_starter.png\" alt=\"\" width=\"30\" height=\"30\" \/><\/a>\u00a0 \u00c9rdemes elolvasni:<\/p>\n<p><span style=\"text-decoration: underline; color: #0000ff;\"><a title=\"Taltosparipa 01 csoport\" href=\"http:\/\/csabiorsolya.eu\/index.php\/2012\/05\/03\/a-taltosparipa-5-laba\/\" target=\"_blank\" rel=\"noopener noreferrer\"><span style=\"color: #0000ff; text-decoration: underline;\">A T\u00c1LTOSPARIPA 5 L\u00c1BA, \u00f6nismereti csoport az er\u0151forr\u00e1sok\u00e9rt<\/span><\/a><\/span><\/p>\n<p><span style=\"color: #0000ff;\"><a title=\"Taltoscsoport bovebben\" href=\"http:\/\/csabiorsolya.eu\/index.php\/2013\/03\/10\/a-taltosparipa-csoportok-bovebb-tematikaja\/\" target=\"_blank\" rel=\"noopener noreferrer\"><span style=\"text-decoration: underline; color: #0000ff;\">A T\u00e1ltosparipa csoportok b\u0151vebb tematik\u00e1ja<\/span><\/a><\/span><\/p>\n<p><span style=\"text-decoration: underline; color: #0000ff;\"><a href=\"http:\/\/csabiorsolya.eu\/index.php\/2012\/01\/21\/kedves-erdeklodok-onismerkedok\/\"><span style=\"color: #0000ff; text-decoration: underline;\">\u00c1ltal\u00e1nos t\u00e1j\u00e9koztat\u00f3 a Meseversum\u00ae Integrat\u00edv Meseter\u00e1pi\u00e1s feln\u0151tt\u00a0 csoportokr\u00f3l<\/span><\/a><\/span><\/p>\n<p><span style=\"text-decoration: underline; color: #0000ff;\"><a href=\"http:\/\/csabiorsolya.eu\/index.php\/2012\/03\/12\/egyeni-integrativ-meseterapias-kalandok-meddoseg-veteles-anyasag\/\" target=\"_blank\" rel=\"noopener noreferrer\"><span style=\"color: #0000ff; text-decoration: underline;\">Meseversum Meseter\u00e1pi\u00e1s kalandok egy\u00e9ni munk\u00e1ban: medd\u0151s\u00e9g, vet\u00e9l\u00e9s, anyas\u00e1g<\/span><\/a><\/span><\/p>\n<p><span style=\"text-decoration: underline; color: #0000ff;\">Besz\u00e1mol\u00f3 a Meseter\u00e1pi\u00e1s K\u00f6zpont 1. szakmai napj\u00e1r\u00f3<\/span>l<\/p>\n<p style=\"text-align: center;\">akkor a<span style=\"color: #0000ff;\"> mesecsoport@gmail.com<\/span><\/p>\n<p style=\"text-align: center;\">vagy <span style=\"color: #0000ff;\">+36203972875<\/span><\/p>\n<p style=\"text-align: center;\"><span style=\"color: #000000;\">Szeretettel v\u00e1rom a jelentkez\u00e9s\u00e9t!<!--more--><\/span><\/p>\n","protected":false},"excerpt":{"rendered":"<p>A n\u00e9pmes\u00e9k olyanok a pszich\u00e9\/szellem sz\u00e1m\u00e1ra, mint utaz\u00f3nak a t\u00e9rk\u00e9p. Amikor \u00fatra kel\u00fcnk a Mes\u00e9k Vil\u00e1g\u00e1ban, r\u00e1d\u00f6bbenhet\u00fcnk, hogy ez az utaz\u00e1s id\u0151n \u00e9s t\u00e9ren \u00e1t, az ID\u0150TLENS\u00c9G dimenzi\u00f3j\u00e1ba kalauzol el benn\u00fcnket, hogy a l\u00e9tez\u00e9s legf\u0151bb k\u00e9rd\u00e9seire tal\u00e1ljuk meg a v\u00e1laszokat, amelyek m\u00e1r<\/p>\n","protected":false},"author":2,"featured_media":980,"parent":0,"menu_order":0,"comment_status":"open","ping_status":"closed","template":"","meta":{"jetpack_post_was_ever_published":false,"footnotes":""},"class_list":["post-708","page","type-page","status-publish","has-post-thumbnail","hentry"],"jetpack_sharing_enabled":true,"jetpack_shortlink":"https:\/\/wp.me\/P2NFfz-bq","_links":{"self":[{"href":"https:\/\/csabiorsolya.hu\/index.php?rest_route=\/wp\/v2\/pages\/708"}],"collection":[{"href":"https:\/\/csabiorsolya.hu\/index.php?rest_route=\/wp\/v2\/pages"}],"about":[{"href":"https:\/\/csabiorsolya.hu\/index.php?rest_route=\/wp\/v2\/types\/page"}],"author":[{"embeddable":true,"href":"https:\/\/csabiorsolya.hu\/index.php?rest_route=\/wp\/v2\/users\/2"}],"replies":[{"embeddable":true,"href":"https:\/\/csabiorsolya.hu\/index.php?rest_route=%2Fwp%2Fv2%2Fcomments&post=708"}],"version-history":[{"count":24,"href":"https:\/\/csabiorsolya.hu\/index.php?rest_route=\/wp\/v2\/pages\/708\/revisions"}],"predecessor-version":[{"id":2043,"href":"https:\/\/csabiorsolya.hu\/index.php?rest_route=\/wp\/v2\/pages\/708\/revisions\/2043"}],"wp:featuredmedia":[{"embeddable":true,"href":"https:\/\/csabiorsolya.hu\/index.php?rest_route=\/wp\/v2\/media\/980"}],"wp:attachment":[{"href":"https:\/\/csabiorsolya.hu\/index.php?rest_route=%2Fwp%2Fv2%2Fmedia&parent=708"}],"curies":[{"name":"wp","href":"https:\/\/api.w.org\/{rel}","templated":true}]}}