{"id":785,"date":"2011-01-20T01:27:30","date_gmt":"2011-01-20T01:27:30","guid":{"rendered":"http:\/\/kivalodolgozo.hu\/thiliell\/"},"modified":"2023-04-07T11:29:58","modified_gmt":"2023-04-07T11:29:58","slug":"a-vasjanko-rol","status":"publish","type":"page","link":"https:\/\/csabiorsolya.hu\/?page_id=785","title":{"rendered":"A VASJANK\u00d3"},"content":{"rendered":"<p><strong><span style=\"font-size: small;\">Kedves Keres\u0151!<\/span><\/strong><\/p>\n<p>\u00dcdv\u00f6zl\u00f6m a honlapomon, a VASJANK\u00d3-n!<\/p>\n<p>Az elnevez\u00e9s tal\u00e1n furcs\u00e1nak t\u0171nik els\u0151re, de szerettem volna valami olyasmit kifejezni vele, amelyben rengeteg paradoxon rejlik. Ez\u00e9rt ut\u00f3bb \u00e1talak\u00edtottam mozaiksz\u00f3v\u00e1 is, hogy kicsit j\u00e1t\u00e9kra h\u00edvjam<!--more--> a k\u00edv\u00e1ncsi bet\u00e9ved\u0151ket.<\/p>\n<p>Ha ide\u00e1ig eljutott, akkor sok b\u00e1tors\u00e1ggal j\u00f3 messzire kellett m\u00e1r elmennie ahhoz, hogy v\u00e1laszt tal\u00e1ljon arra, ami miatt \u00fatra k\u00e9lt. Mi\u00e9rt? Mert azon t\u00fal, hogy egy \u201e<em>pszichol\u00f3gus\u201d <\/em>honlapj\u00e1n j\u00e1r, ez itt, k\u00e9rem, a<em> Vil\u00e1gv\u00e9ge, a sarkon jobbra, ahol nem kell \u00f3ra.<\/em><\/p>\n<p>A <span style=\"color: #000080;\"><a title=\"Vasjank\u00f3 mes\u00e9je\" href=\"http:\/\/csabiorsolya.eu\/vasjanko-grimm-gyujtes\/\" target=\"_blank\" rel=\"noopener\"><span style=\"color: #000080;\"><em>Vasjank\u00f3<\/em><\/span><\/a><\/span> vagy <em>Vasj\u00e1nos<\/em> egy magyar n\u00e9pmese c\u00edme (itt el is olvashatja a t\u00f6rt\u00e9netet), illetve egy amerikai \u00edr\u00f3, k\u00f6lt\u0151, Robert Bly k\u00f6nyv\u00e9nek a c\u00edme, amelyben a szerz\u0151 a jungi\u00e1nus \u00e9s pszichoanalitikus pszichol\u00f3gusok mes\u00e9k ir\u00e1nti lelkesed\u00e9s\u00e9n \u00e9s gondolatind\u00edt\u00e1sain felbuzdulva ezt a mes\u00e9t elemzi a f\u00e9rfiak l\u00e9lektani fejl\u0151d\u00e9s\u00e9nek szempontj\u00e1b\u00f3l. Meglehet\u0151sen kifinomult \u00e9s \u00e9rz\u00e9keny pszichol\u00f3giai \u00e9s tapasztalati rezd\u00fcl\u00e9sekkel halad v\u00e9gig a mes\u00e9n, ill. az amerikaiak t\u00e1rsadalm\u00e1t \u00e9rint\u0151, \u00e9s gener\u00e1ci\u00f3kat \u00e1thidal\u00f3 probl\u00e9m\u00e1in, melyek sz\u00e1mos gubancot okoznak az amerikai f\u00e9rfiak \u2013 \u00e9s term\u00e9szetesen n\u0151k \u2013 nemi identit\u00e1s-fejl\u0151d\u00e9s\u00e9ben, t\u00e1rsadalmi szerepv\u00e1llal\u00e1s\u00e1ban, \u00e9s a p\u00e1rkapcsolataik alak\u00edt\u00e1s\u00e1ban.<\/p>\n<p>Ez a t\u00e1rsadalmi szint\u0171 jelens\u00e9g nem k\u00edm\u00e9li m\u00e1s nyugati kult\u00far\u00e1ban nevelkedett f\u00e9rfiakat sem. S\u0151t, a lassan \u00e9vsz\u00e1zada elh\u00faz\u00f3d\u00f3 rendszeres h\u00e1bor\u00faskod\u00e1sok okozta apaveszt\u00e9sek, nemi identit\u00e1st stabilan hordoz\u00f3 mint\u00e1k hi\u00e1nya, ill. a hagyom\u00e1nyokhoz k\u00e9pest jelent\u0151sen \u00f6sszekusz\u00e1lt t\u00e1rsadalmi szerepv\u00e1llal\u00e1sok az eur\u00f3pai lakosok pszich\u00e9j\u00e9re is jelent\u0151sen r\u00e1nyomta a b\u00e9lyeg\u00e9t.<\/p>\n<p>Vasjank\u00f3 t\u00f6rt\u00e9nete engem is nagyon meg\u00e9rintett, \u00e9s tov\u00e1bbi inspir\u00e1ci\u00f3kkal hatott mind az \u00f6nismeretemre, mind a saj\u00e1t meseter\u00e1pi\u00e1s kutat\u00e1saimra vonatkoz\u00f3an. Sz\u00e1mos olyan momentummal szembes\u00fcl\u00f6k mind a mag\u00e1n\u00e9letemben, mind a szakma tapasztalataim r\u00e9v\u00e9n, melyet kifejezetten f\u00e9rfias pr\u00f3bat\u00e9telekk\u00e9nt lehetne azonos\u00edtani. Ennek \u00e1rny\u00e9k\u00e1ban a n\u0151iess\u00e9g \u00e9s a n\u0151i min\u0151s\u00e9gek kibont\u00e1sa egy\u00e1ltal\u00e1n nem t\u0171nik k\u00f6nny\u0171 feladatnak. Viszont nem lehetetlen v\u00e1llalkoz\u00e1s!<\/p>\n<p>A f\u00e9rfi vagy maszkulin min\u0151s\u00e9gek a pszichol\u00f3gi\u00e1ban hagyom\u00e1nyosan az eg\u00f3hoz \u00e9s a racion\u00e1lis gondolkod\u00e1shoz, az \u201eokoss\u00e1ghoz\u201d, \u00e9s az akt\u00edv, teremt\u0151 \u00e9s rombol\u00f3 energi\u00e1khoz kapcsol\u00f3dnak. A n\u0151i vagy feminin min\u0151s\u00e9gek az irracion\u00e1lis, tudattalan, intuit\u00edv, befogad\u00f3, megtart\u00f3 \u00e9s olykor puszt\u00edt\u00f3 elvek \u00f6sszess\u00e9g\u00e9t igyekeznek k\u00e9pviselni. Sokszor nem k\u00f6nny\u0171 a dolguk, mert neh\u00e9z ezeket az igaz term\u00e9szet\u00fck szintj\u00e9n egym\u00e1st\u00f3l elv\u00e1lasztani. A tudom\u00e1nyoss\u00e1gban viszont a \u201ej\u00f3 k\u00f6zel\u00edt\u00e9st\u201d m\u00e1r relevanciak\u00e9nt szokt\u00e1k kezelni, ez\u00e9rt ezen a neh\u00e9zs\u00e9gen annyira nem kell agg\u00f3dnunk.<\/p>\n<p>Ebb\u0151l k\u00f6vetkezik, hogy az ezekhez illeszthet\u0151 t\u00e9nyez\u0151k mindannyiunk probl\u00e9m\u00e1i. Nem puszt\u00e1n a p\u00e1rkapcsolatainkban, hanem sokszor a magunkhoz \u00e9s a gondjainkhoz val\u00f3 viszonyul\u00e1sunkban is torz\u00edt\u00f3 t\u00e9nyez\u0151k\u00e9nt jelenhet meg, ha nem kezelj\u00fck a hely\u00e9n a n\u0151i \u00e9s f\u00e9rfi min\u0151s\u00e9geinket. Szerencs\u00e9re mindennek megvan a maga helye \u00e9s rendje lelk\u00fcnkben, \u00e9s a l\u00e1tsz\u00f3lag ellent\u00e9tes hat\u00e1sok igaz\u00e1b\u00f3l t\u00f6k\u00e9letes \u00f6sszhangban \u00e1llnak egym\u00e1s mellett. A n\u00e9pmes\u00e9k, var\u00e1zsmes\u00e9k sokszor megmutatj\u00e1k ezt a rendet, \u00e9s a hozz\u00e1 vezet\u0151 utat is.<\/p>\n<p>Itt a VASJANK\u00d3-n az els\u0151 l\u00e9p\u00e9seink a pszichol\u00f3gia birodalm\u00e1ban a F\u00e9rfi fel\u00fcnkkel, az akt\u00edv keres\u0151, v\u00e1laszokat \u00e9s okoss\u00e1got k\u00f6vetel\u0151 racionalit\u00e1sunkkal tessz\u00fck meg, s a Kedves Olvas\u00f3 itt sok tekintetben \u2013 rem\u00e9lem \u00a0\u2013 kiel\u00e9g\u00edtheti a k\u00edv\u00e1ncsis\u00e1g\u00e1t, a tud\u00e1sig\u00e9ny\u00e9t, megnyugtathatja az eg\u00f3j\u00e1t, \u00e9s kiokoskodhatja mag\u00e1t, mialatt racion\u00e1lis d\u00f6nt\u00e9st hozhat arr\u00f3l, hogy sz\u00fcks\u00e9ge van-e egy szakemberre, \u00e9s hogy konkr\u00e9tan r\u00e1m van-e sz\u00fcks\u00e9ge. Ehhez a d\u00f6nt\u00e9s\u00e9hez megpr\u00f3b\u00e1lok a lehet\u0151 legsz\u00e9lesebb kapukat nyitni, \u00e9s kev\u00e9s olyan pr\u00f3ba el\u00e9 \u00e1ll\u00edtani, amely megnehez\u00edteni a dolg\u00e1t.<\/p>\n<p>A nehezebbik r\u00e9sz ezt\u00e1n k\u00f6vetkezik, amelyhez m\u00e1r seg\u00edts\u00e9g\u00fcl kell h\u00edvnia az \u00d6nben rejtekez\u0151 n\u0151i min\u0151s\u00e9geket is, hogy \u00e9rezze \u00e9s meg\u00e9rezze azt, hogy val\u00f3ban ezt keresi. S amint arra sz\u00e1nja mag\u00e1t, hogy bel\u00e9p az igazi birodalmamba, ahol a seg\u00edts\u00e9gemet k\u00e9rve v\u00e9gig szeretn\u00e9 j\u00e1rni az \u00fatj\u00e1t, megtal\u00e1lva mindazt, amit keres, l\u00e9ny\u00e9nek m\u00e1r mindk\u00e9t p\u00f3lus\u00e1ra er\u0151sen sz\u00fcks\u00e9ge lesz. \u00c9ppen ez\u00e9rt, ha valamelyikkel szemben bizonytalan, akkor els\u0151 l\u00e9p\u00e9sk\u00e9nt ezt a rendet sz\u00fcks\u00e9ges vissza\u00e1ll\u00edtanunk a tov\u00e1bbindul\u00e1shoz.<\/p>\n<p>Mindaz, ami a virtu\u00e1lis t\u00e9ren k\u00edv\u00fcl, a kis ter\u00e1pi\u00e1s\/tan\u00e1csad\u00f3i szob\u00e1ban, vagy a csoportok bels\u0151 pszichol\u00f3giai ter\u00e9ben zajlik, m\u00e1r egy m\u00e1sik vil\u00e1g. Egy olyan birodalom, ahol az id\u0151 sokszor kiz\u00f6kkenhet, \u00e9s olykor-olykor a h\u00e9tk\u00f6znapi \u00e9let is oly\u2019 t\u00e1volinak t\u0171nik, hogy tal\u00e1n \u00fagy \u00e9rzi majd, t\u00e9nyleg a Vil\u00e1g V\u00e9g\u00e9n j\u00e1r. Nekem lesz a feladatom, hogy ne t\u00e9vedjen el itt sem, \u00e9s hogy ezeken a kapukon t\u00faljutva \u00e1tl\u00e9phess\u00fcnk abba a birodalomba, amit az \u00d6n vil\u00e1ga jelent.<\/p>\n<p>S hogy innen hogyan tov\u00e1bb? Ezt m\u00e1r nem lehet elmes\u00e9lni, annak m\u00e1r ut\u00e1na kell j\u00e1rni!<\/p>\n<p style=\"text-align: right;\"><img loading=\"lazy\" decoding=\"async\" class=\"alignright\" src=\"http:\/\/csabiorsolya.eu\/wp-content\/uploads\/2012\/01\/viragos_post_title.png\" alt=\"viragos post elvalaszto\" width=\"318\" height=\"24\" \/><\/p>\n<p style=\"text-align: justify;\">\u00a0A <span style=\"font-size: medium;\"><strong>honlapon val\u00f3 t\u00e1j\u00e9koz\u00f3d\u00e1shoz<\/strong><\/span> tov\u00e1bbi seg\u00edts\u00e9get ny\u00fajthat az <strong>IR\u00c1NYT\u0170<\/strong> is, amelyre kattintva ide-oda tud sz\u00f6rf\u00f6zni a relev\u00e1ns tartalmak k\u00f6z\u00f6tt. (K\u00e9sz\u00fcl\u0151ben)<\/p>\n<p>Az id\u0151pontokat a <strong><a title=\"Mag\u00e1nrendel\u00e9sem\" href=\"http:\/\/csabiorsolya.eu\/index.php\/maganrendeles\/\" target=\"_blank\" rel=\"noopener\">mag\u00e1nrendel\u00e9semre<\/a><\/strong> (klikk a sz\u00f3ra), ill. a <strong>csoportokra<\/strong> vonatkoz\u00f3an mindig az<strong> CSOPORT<\/strong> f\u0151men\u00fcben tal\u00e1lja az aktualit\u00e1sokat. (Folyamatosan \u00faj csoportok!)<\/p>\n<p>Mindenr\u0151l b\u0151vebben a fenti <em><strong>f\u0151men\u00fcsor<\/strong><\/em> linkjei alatt t\u00e1j\u00e9koz\u00f3dhat!<\/p>\n<p>Ha <em><strong>azonnali kapcsolatot<\/strong><\/em> szeretne: <em>e-mail vagy telefon<\/em> . Ha nem venn\u00e9m fel, a sz\u00e1ma ismeret\u00e9ben visszah\u00edvom.<\/p>\n<p>Kellemes kalandoz\u00e1st a honlapomon, \u00e9s sz\u00fcks\u00e9g eset\u00e9n szeretettel v\u00e1rom!<\/p>\n","protected":false},"excerpt":{"rendered":"<p>Kedves Keres\u0151! \u00dcdv\u00f6zl\u00f6m a honlapomon, a VASJANK\u00d3-n! Az elnevez\u00e9s tal\u00e1n furcs\u00e1nak t\u0171nik els\u0151re, de szerettem volna valami olyasmit kifejezni vele, amelyben rengeteg paradoxon rejlik. Ez\u00e9rt ut\u00f3bb \u00e1talak\u00edtottam mozaiksz\u00f3v\u00e1 is, hogy kicsit j\u00e1t\u00e9kra h\u00edvjam<\/p>\n","protected":false},"author":2,"featured_media":988,"parent":0,"menu_order":0,"comment_status":"open","ping_status":"closed","template":"","meta":{"jetpack_post_was_ever_published":false,"footnotes":""},"class_list":["post-785","page","type-page","status-publish","has-post-thumbnail","hentry"],"jetpack_sharing_enabled":true,"jetpack_shortlink":"https:\/\/wp.me\/P2NFfz-cF","_links":{"self":[{"href":"https:\/\/csabiorsolya.hu\/index.php?rest_route=\/wp\/v2\/pages\/785"}],"collection":[{"href":"https:\/\/csabiorsolya.hu\/index.php?rest_route=\/wp\/v2\/pages"}],"about":[{"href":"https:\/\/csabiorsolya.hu\/index.php?rest_route=\/wp\/v2\/types\/page"}],"author":[{"embeddable":true,"href":"https:\/\/csabiorsolya.hu\/index.php?rest_route=\/wp\/v2\/users\/2"}],"replies":[{"embeddable":true,"href":"https:\/\/csabiorsolya.hu\/index.php?rest_route=%2Fwp%2Fv2%2Fcomments&post=785"}],"version-history":[{"count":14,"href":"https:\/\/csabiorsolya.hu\/index.php?rest_route=\/wp\/v2\/pages\/785\/revisions"}],"predecessor-version":[{"id":2045,"href":"https:\/\/csabiorsolya.hu\/index.php?rest_route=\/wp\/v2\/pages\/785\/revisions\/2045"}],"wp:featuredmedia":[{"embeddable":true,"href":"https:\/\/csabiorsolya.hu\/index.php?rest_route=\/wp\/v2\/media\/988"}],"wp:attachment":[{"href":"https:\/\/csabiorsolya.hu\/index.php?rest_route=%2Fwp%2Fv2%2Fmedia&parent=785"}],"curies":[{"name":"wp","href":"https:\/\/api.w.org\/{rel}","templated":true}]}}